ime factors of a?
2, 37
Let h be ((-70)/3)/2 + (-54)/(-81). Let v(c) = -8*c + 9. List the prime factors of v(h).
97
Suppose -9*m + 1928 = 416. List the prime factors of m.
2, 3, 7
Let u = 61 + -59. List the prime factors of 7/(23/63 + u/(-9)).
7
Let s(p) = 2*p - 29. Let z(h) = 3*h - 29. Let w(a) = -5*s(a) + 4*z(a). What are the prime factors of w(0)?
29
Let g(i) = -3*i + 3. Suppose 2 = 4*y + 10. What are the prime factors of g(y)?
3
Suppose 12*m - 7*m - 555 = 0. Let r = -20 + m. What are the prime factors of r?
7, 13
Let v be ((-1)/(-2))/(3/12). Suppose v*g = 136 - 50. Let h = g + -15. List the prime factors of h.
2, 7
Suppose 2*t + 14 + 0 = 0. Let y be t/((-21)/156)*1. Suppose 3*k - y + 13 = 0. List the prime factors of k.
13
Let c = 4073 + -2761. List the prime factors of c.
2, 41
Let u(f) = -2*f**3 - 2*f**2 + 3*f - 12. Suppose -9*k - 17 = 28. List the prime factors of u(k).
173
Let z = -1405 + 5145. What are the prime factors of z?
2, 5, 11, 17
Let o(n) = -7*n**3 - 8*n. Let h(f) = 2*f**3 + 3*f. Let w(r) = 11*h(r) + 4*o(r). Let d = -12 + 11. What are the prime factors of w(d)?
5
What are the prime factors of ((-4)/4 - 0)/((-5)/8095)?
1619
Suppose -5*h = -0*l + 5*l - 45, -2*h = -2*l + 2. Let g = h - 14. What are the prime factors of (-6)/g + (-2277)/(-55)?
2, 3, 7
Let i(f) = 6*f - 1. Let x be i(-2). Let d(y) = -y**3 + 11*y**2 + 4*y - 7. Let h be d(11). Let b = h + x. List the prime factors of b.
2, 3
Suppose -29*u + 42*u = 12155. What are the prime factors of u?
5, 11, 17
Let j = 9 + 13. What are the prime factors of (-310)/(-4) + (-33)/j?
2, 19
Let o(s) = 2*s - 1. Let q be o(3). Suppose -3*d + 1 = 4*c - 32, c + q*d - 21 = 0. Suppose -136 = -4*j - 4*k, c*k = -4*j + k + 136. List the prime factors of j.
2, 17
List the prime factors of -2*1*(-1316)/8.
7, 47
Suppose -2*g - 46 = -j, -4*g + 0*g - j = 98. Suppose 37 - 117 = -2*h. Let b = g + h. What are the prime factors of b?
2
Let s = 8 - 5. Let i(o) = o. List the prime factors of i(s).
3
Let s be -15 + (-5)/(-7 - -2). Let v = 53 + s. What are the prime factors of v?
3, 13
Let u be (-26)/4 + (-14)/4 + 3. What are the prime factors of (-415)/u - (-8)/(-28)?
59
Suppose 10*y - 343 = 3*y. Suppose -6*r + y = -23. List the prime factors of r.
2, 3
Suppose 0 = -f - 4*v + 4, 5*v - 4*v - 1 = 0. Suppose -172 = -2*t - 3*b - 0*b, f = 3*t + 4*b - 257. What are the prime factors of t?
83
Let w = 5 - -9. Let f(u) = u**2 - 14*u + 3. Let z be f(w). Let r(b) = 6*b - 5. List the prime factors of r(z).
13
Let v be (1 + 7/21)*(-6)/(-2). Suppose -3*i + v*a = -i - 226, -3*i = -5*a - 341. What are the prime factors of i?
3, 13
Let g(k) = k**3 + 8*k**2 + 8*k + 8. Let o be g(-7). Let j(h) be the third derivative of 5*h**4/6 + h**3/6 - h**2. What are the prime factors of j(o)?
3, 7
Let w(o) = 133*o**2 - 86*o + 1. List the prime factors of w(5).
2, 181
Let d(t) = -110*t + 241. List the prime factors of d(-12).
7, 223
Let q(n) = -2*n**2 + n - 3. Let h be (-24)/(-16)*(-1 + -1). Let m be q(h). What are the prime factors of 50*1*(-12)/m?
5
Let j = 2924 + -2109. List the prime factors of j.
5, 163
Let f = -9 - -10. Suppose -4 = y + 4*l, y - 2*l - 13 - f = 0. Suppose 4*h = 4*s + y, 2*s + 2*s = 16. List the prime factors of h.
2, 3
Suppose -x - 2*s + 7 = 0, -s - 15 - 1 = -x. Suppose x = 2*l - 187. What are the prime factors of l?
2, 5
Let i be 198/(-54) + 2/(-6). List the prime factors of i/10 + 1866/15.
2, 31
Suppose x = -5*s + 508, 0*s + 5*s = 20. Let i = -319 + x. List the prime factors of i.
13
Let u(s) = -3*s - 1. Let c be u(-3). Let m be 4/c + (-33)/(-6). Suppose m*p = 8*p - 72. List the prime factors of p.
2, 3
Let v(r) = 1. Let k(t) = -4*t - 18. Let s(u) = -k(u) + 2*v(u). Let h be s(9). Suppose 0 = 2*q - h + 6. List the prime factors of q.
5
Let h be (214/4 + 2)*(-8 + 6). Let p = h + 173. List the prime factors of p.
2, 31
Suppose 20618 = -z + 14*z. List the prime factors of z.
2, 13, 61
Suppose 20*b = 15*b + 2375. List the prime factors of b.
5, 19
Let s(l) = l**3 + 2*l**2 - 4*l - 1. Let t be s(-3). Suppose -t*r + 12 = -112. List the prime factors of r.
2, 31
Let p be 16/10*50/(-2). Let u be 8/(-1)*2*2. List the prime factors of (13 - 1)*p/u.
3, 5
Let n(w) = 5*w**2. Let r be n(-1). Let x = -37 - -23. List the prime factors of (x/(-5))/(2/r).
7
Let k(x) = -5*x - 21. Let z(s) = 7*s + 21. Let f(o) = 6*o + 21. Let c(y) = -3*f(y) + 2*z(y). Let l(n) = -4*c(n) + 3*k(n). What are the prime factors of l(10)?
31
Let r(x) = 6*x**2 + 4*x - 4. Let c be r(1). Suppose -c - 14 = -4*y. List the prime factors of y.
5
Let h(b) be the first derivative of b**3/3 + 13*b**2/2 + 4*b + 7. Let y be h(-13). Let n(j) = -j**2 + 9*j. What are the prime factors of n(y)?
2, 5
Suppose -2*z - a + 9528 = 0, 3*z + 0*a = 5*a + 14279. What are the prime factors of z?
11, 433
Let o = 31 + -29. Suppose -13 - 5 = -o*d. What are the prime factors of d?
3
Let a = 100 - 96. Suppose -m + 0*m - 3*n + 236 = 0, 955 = a*m + n. List the prime factors of m.
239
Suppose -4*n = 2*w - 280 - 556, -2*n + 3*w = -418. Suppose -2*u + 77 = i - 5*u, 3*i + 2*u - n = 0. What are the prime factors of i?
71
Let r = -20 + 23. Let w(v) = v**3 + 6 + 2*v**3 - 12*v**3 - 18*v**2 - 3*v + 8*v**r. List the prime factors of w(-18).
2, 3, 5
Let o = 13 + 5. Let b = -15 + o. Suppose -b*f = -f - 86. What are the prime factors of f?
43
Let v(x) = 5*x**2 + 16*x - 52. Let y(u) = -11*u**2 - 31*u + 105. Let g(q) = 9*v(q) + 4*y(q). List the prime factors of g(-23).
3, 7
Suppose 3*p + 12 = -0*p, -14 = 2*z + p. Let c(n) = -n**3 - 4*n**2 + 4*n - 5. Let x be c(z). List the prime factors of -2 + -1 + x - -15.
2, 3
Let w(q) = 11*q - 12. Let c = 10 + -6. What are the prime factors of w(c)?
2
Let q = -144 - -258. Let k = q - 109. What are the prime factors of k?
5
Let x(y) = 10*y**2 + y - 4. Let r be x(3). Let h = -49 + r. List the prime factors of h.
2, 5
Let p be 2/((-8)/(-44)) - 2. Suppose x + p = -2*u, -x - 3 = -2*u - 6*x. Let l(q) = 2*q**2 + 10*q + 15. What are the prime factors of l(u)?
3
Let u(z) = -z**3 + 21*z**2 - 12*z - 10. List the prime factors of u(8).
2, 3, 11
Suppose 2*c + 4*u = -8, 5*c = -2*u - u - 6. Suppose c = -3*b - 2*b - 225. What are the prime factors of (-8)/10*b/6?
2, 3
Let q = 661 - 418. What are the prime factors of q?
3
Let d be (-1 - -45)*(-17)/(-17). What are the prime factors of (-191)/7*-2 + d/(-77)?
2, 3
Let h = 33 + -21. Suppose 0 = -3*n - 3*s + 471, 2*s + h = -s. List the prime factors of n.
7, 23
Let c = -200 + 405. Suppose 6*f - f = c. What are the prime factors of f?
41
Let t(i) = 3*i + 17. Let s(x) = -x**2 - 8*x + 9. Let u be s(-8). What are the prime factors of t(u)?
2, 11
Let q(n) = 12*n + 3. Suppose -3*p - 8 = 10. Let x be 8/p + 182/42. What are the prime factors of q(x)?
3, 13
Let s = -6 + 644. What are the prime factors of s?
2, 11, 29
Suppose 0 = -2*v + 4*v - 2*d + 300, 2*d = -6. Let i = 275 + v. List the prime factors of i.
2, 61
Suppose l = z - 650 + 3535, -8649 = -3*l + z. What are the prime factors of l?
2, 11, 131
Let q = 1100 + -768. What are the prime factors of q?
2, 83
Let m = 13 + -10. Suppose -7*y + m*y = 0. Suppose -2*f - f + 51 = y. What are the prime factors of f?
17
Let n(w) = -2*w + 55. Suppose 0 = 8*v - 3*v. Let f be n(v). Suppose -x = 11 - f. List the prime factors of x.
2, 11
Let p = -7204 - -10319. What are the prime factors of p?
5, 7, 89
Suppose 10*z - 30 = -0. Suppose z*q - 4*i - 793 = 153, -1256 = -4*q + 4*i. List the prime factors of q.
2, 5, 31
Let s(p) = 2*p. Let z(k) = -k - 1. Let y be z(-3). Let q be 4 - y/(-2)*1. List the prime factors of s(q).
2, 5
Suppose -7*j + 765 = 2*j. Suppose 14*s + j = 15*s. List the prime factors of s.
5, 17
Let d = -114 - -311. Suppose 2*j + 63 = d. List the prime factors of j.
67
Suppose 3*v - 2*r = -0*v - 12, -5*v + 3*r = 21. Let d(f) = f**3 + 9*f**2 + 8*f - 5. What are the prime factors of d(v)?
5, 11
Let x = 280 + -157. Suppose -x = -3*g + 4*v + v, -2*g + 3*v = -81. What are the prime factors of g?
2, 3
Suppose -2*y - w = -250, 88 = y - 2*w - 42. List the prime factors of y.
2, 3, 7
What are the prime factors of (-9)/(-3) - (-5 + 4 + -1085)?
3, 11
Let l(y) be the first derivative of -63*y**2 - 5*y + 20. List the prime factors of l(-2).
13, 19
Let p(j) = -3*j + 2. Let w be p(9). What are the prime factors 